{"id":1000,"date":"2021-06-29T15:28:27","date_gmt":"2021-06-29T18:28:27","guid":{"rendered":"https:\/\/portalimoveiscuritiba.com.br\/blog\/wp-content\/uploads\/2021\/06\/vota\u00e7\u00e3o.png"},"modified":"2021-06-29T15:28:27","modified_gmt":"2021-06-29T18:28:27","slug":"votacao","status":"inherit","type":"attachment","link":"https:\/\/portalimoveiscuritiba.com.br\/blog\/2021\/06\/eleicao-cofeci-creci-dia-07-de-julho\/votacao\/#main","title":{"rendered":"vota\u00e7\u00e3o"},"author":1,"featured_media":0,"comment_status":"closed","ping_status":"closed","template":"","meta":[],"class_list":["post-1000","attachment","type-attachment","status-inherit","hentry","entry"],"description":{"rendered":"<p class=\"attachment\"><a href='https:\/\/portalimoveiscuritiba.com.br\/blog\/wp-content\/uploads\/2021\/06\/vota\u00e7\u00e3o.png'><img loading=\"lazy\" decoding=\"async\" width=\"300\" height=\"300\" src=\"https:\/\/portalimoveiscuritiba.com.br\/blog\/wp-content\/uploads\/2021\/06\/vota\u00e7\u00e3o-300x300.png\" class=\"attachment-medium size-medium\" alt=\"\" srcset=\"https:\/\/portalimoveiscuritiba.com.br\/blog\/wp-content\/uploads\/2021\/06\/vota\u00e7\u00e3o-300x300.png 300w, https:\/\/portalimoveiscuritiba.com.br\/blog\/wp-content\/uploads\/2021\/06\/vota\u00e7\u00e3o-150x150.png 150w, https:\/\/portalimoveiscuritiba.com.br\/blog\/wp-content\/uploads\/2021\/06\/vota\u00e7\u00e3o-52x52.png 52w, https:\/\/portalimoveiscuritiba.com.br\/blog\/wp-content\/uploads\/2021\/06\/vota\u00e7\u00e3o-111x111.png 111w, https:\/\/portalimoveiscuritiba.com.br\/blog\/wp-content\/uploads\/2021\/06\/vota\u00e7\u00e3o-72x72.png 72w, https:\/\/portalimoveiscuritiba.com.br\/blog\/wp-content\/uploads\/2021\/06\/vota\u00e7\u00e3o-520x520.png 520w, https:\/\/portalimoveiscuritiba.com.br\/blog\/wp-content\/uploads\/2021\/06\/vota\u00e7\u00e3o.png 626w\" sizes=\"auto, (max-width: 300px) 100vw, 300px\" \/><\/a><\/p>\n"},"caption":{"rendered":""},"alt_text":"","media_type":"image","mime_type":"image\/png","media_details":{"width":626,"height":626,"file":"2021\/06\/vota\u00e7\u00e3o.png","sizes":{"thumbnail":{"file":"vota\u00e7\u00e3o-150x150.png","width":150,"height":150,"mime_type":"image\/png","source_url":"https:\/\/portalimoveiscuritiba.com.br\/blog\/wp-content\/uploads\/2021\/06\/vota\u00e7\u00e3o-150x150.png"},"medium":{"file":"vota\u00e7\u00e3o-300x300.png","width":300,"height":300,"mime_type":"image\/png","source_url":"https:\/\/portalimoveiscuritiba.com.br\/blog\/wp-content\/uploads\/2021\/06\/vota\u00e7\u00e3o-300x300.png"},"ideation-thumbnail-square":{"file":"vota\u00e7\u00e3o-52x52.png","width":52,"height":52,"mime_type":"image\/png","source_url":"https:\/\/portalimoveiscuritiba.com.br\/blog\/wp-content\/uploads\/2021\/06\/vota\u00e7\u00e3o-52x52.png"},"ideation-thumbnail-rectangle":{"file":"vota\u00e7\u00e3o-96x47.png","width":96,"height":47,"mime_type":"image\/png","source_url":"https:\/\/portalimoveiscuritiba.com.br\/blog\/wp-content\/uploads\/2021\/06\/vota\u00e7\u00e3o-96x47.png"},"ideation-sidebar-single":{"file":"vota\u00e7\u00e3o-228x107.png","width":228,"height":107,"mime_type":"image\/png","source_url":"https:\/\/portalimoveiscuritiba.com.br\/blog\/wp-content\/uploads\/2021\/06\/vota\u00e7\u00e3o-228x107.png"},"ideation-sidebar-double":{"file":"vota\u00e7\u00e3o-111x111.png","width":111,"height":111,"mime_type":"image\/png","source_url":"https:\/\/portalimoveiscuritiba.com.br\/blog\/wp-content\/uploads\/2021\/06\/vota\u00e7\u00e3o-111x111.png"},"ideation-sidebar-triple":{"file":"vota\u00e7\u00e3o-72x72.png","width":72,"height":72,"mime_type":"image\/png","source_url":"https:\/\/portalimoveiscuritiba.com.br\/blog\/wp-content\/uploads\/2021\/06\/vota\u00e7\u00e3o-72x72.png"},"post-thumbnail":{"file":"vota\u00e7\u00e3o-520x520.png","width":520,"height":520,"mime_type":"image\/png","source_url":"https:\/\/portalimoveiscuritiba.com.br\/blog\/wp-content\/uploads\/2021\/06\/vota\u00e7\u00e3o-520x520.png"},"full":{"file":"vota\u00e7\u00e3o.png","width":626,"height":626,"mime_type":"image\/png","source_url":"https:\/\/portalimoveiscuritiba.com.br\/blog\/wp-content\/uploads\/2021\/06\/vota\u00e7\u00e3o.png"}},"image_meta":{"aperture":"0","credit":"","camera":"","caption":"","created_timestamp":"0","copyright":"","focal_length":"0","iso":"0","shutter_speed":"0","title":"","orientation":"0","keywords":[]}},"post":944,"source_url":"https:\/\/portalimoveiscuritiba.com.br\/blog\/wp-content\/uploads\/2021\/06\/vota\u00e7\u00e3o.png","_links":{"self":[{"href":"https:\/\/portalimoveiscuritiba.com.br\/blog\/wp-json\/wp\/v2\/media\/1000","targetHints":{"allow":["GET"]}}],"collection":[{"href":"https:\/\/portalimoveiscuritiba.com.br\/blog\/wp-json\/wp\/v2\/media"}],"about":[{"href":"https:\/\/portalimoveiscuritiba.com.br\/blog\/wp-json\/wp\/v2\/types\/attachment"}],"author":[{"embeddable":true,"href":"https:\/\/portalimoveiscuritiba.com.br\/blog\/wp-json\/wp\/v2\/users\/1"}],"replies":[{"embeddable":true,"href":"https:\/\/portalimoveiscuritiba.com.br\/blog\/wp-json\/wp\/v2\/comments?post=1000"}]}}

https://portalimoveiscuritiba.com.br/blog/wp-content/uploads/2021/06/votação.png

votação

<p class="attachment"><a href='https://portalimoveiscuritiba.com.br/blog/wp-content/uploads/2021/06/votação.png'><img loading="lazy" decoding="async" width="300" height="300" src="https://portalimoveiscuritiba.com.br/blog/wp-content/uploads/2021/06/votação-300x300.png" class="attachment-medium size-medium" alt="" srcset="https://portalimoveiscuritiba.com.br/blog/wp-content/uploads/2021/06/votação-300x300.png 300w, https://portalimoveiscuritiba.com.br/blog/wp-content/uploads/2021/06/votação-150x150.png 150w, https://portalimoveiscuritiba.com.br/blog/wp-content/uploads/2021/06/votação-52x52.png 52w, https://portalimoveiscuritiba.com.br/blog/wp-content/uploads/2021/06/votação-111x111.png 111w, https://portalimoveiscuritiba.com.br/blog/wp-content/uploads/2021/06/votação-72x72.png 72w, https://portalimoveiscuritiba.com.br/blog/wp-content/uploads/2021/06/votação-520x520.png 520w, https://portalimoveiscuritiba.com.br/blog/wp-content/uploads/2021/06/votação.png 626w" sizes="auto, (max-width: 300px) 100vw, 300px" /></a></p>

2021/06/votação.png

votação-150x150.png

https://portalimoveiscuritiba.com.br/blog/wp-content/uploads/2021/06/votação-150x150.png

votação-300x300.png

https://portalimoveiscuritiba.com.br/blog/wp-content/uploads/2021/06/votação-300x300.png

votação-52x52.png

https://portalimoveiscuritiba.com.br/blog/wp-content/uploads/2021/06/votação-52x52.png

votação-96x47.png

https://portalimoveiscuritiba.com.br/blog/wp-content/uploads/2021/06/votação-96x47.png

votação-228x107.png

https://portalimoveiscuritiba.com.br/blog/wp-content/uploads/2021/06/votação-228x107.png

votação-111x111.png

https://portalimoveiscuritiba.com.br/blog/wp-content/uploads/2021/06/votação-111x111.png

votação-72x72.png

https://portalimoveiscuritiba.com.br/blog/wp-content/uploads/2021/06/votação-72x72.png

votação-520x520.png

https://portalimoveiscuritiba.com.br/blog/wp-content/uploads/2021/06/votação-520x520.png

votação.png
